7
What is the remainder when 23670 is divided by 455?
10
What is the remainder when 29235 is divided by 86?
81
Calculate the remainder when 82539 is divided by 41173.
193
What is the remainder when 158511 is divided by 39621?
27
Calculate the remainder when 342123 is divided by 3001.
9
What is the remainder when 424200 is divided by 30300?
0
Calculate the remainder when 655112 is divided by 132.
128
What is the remainder when 1636078 is divided by 16?
14
What is the remainder when 858 is divided by 42?
18
What is the remainder when 10268 is divided by 2565?
8
What is the remainder when 73732 is divided by 9215?
12
What is the remainder when 33290 is divided by 25?
15
Calculate the remainder when 45391 is divided by 1081.
1070
What is the remainder when 156304 is divided by 1141?
1128
What is the remainder when 31673 is divided by 233?
218
Calculate the remainder when 227 is divided by 80.
67
What is the remainder when 7513 is divided by 2482?
67
Calculate the remainder when 170062 is divided by 2.
0
What is the remainder when 243095 is divided by 42?
41
What is the remainder when 10849 is divided by 5413?
23
Calculate the remainder when 7321 is divided by 466.
331
Calculate the remainder when 5010714 is divided by 1054.
1052
Calculate the remainder when 53177 is divided by 55.
47
Calculate the remainder when 39117 is divided by 129.
30
What is the remainder when 28520 is divided by 679?
2
What is the remainder when 465785 is divided by 338?
21
Calculate the remainder when 16277 is divided by 187.
8
What is the remainder when 29576 is divided by 3271?
137
What is the remainder when 142015 is divided by 6455?
5
What is the remainder when 70240 is divided by 288?
256
What is the remainder when 694 is divided by 196?
106
What is the remainder when 7220 is divided by 18?
2
What is the remainder when 19698 is divided by 154?
140
Calculate the remainder when 13418 is divided by 174.
20
What is the remainder when 1448270 is divided by 3299?
9
What is the remainder when 17374 is divided by 621?
607
Calculate the remainder when 15605 is divided by 5.
0
What is the remainder when 16915 is divided by 1057?
3
Calculate the remainder when 16004 is divided by 252.
128
What is the remainder when 14961 is divided by 3734?
25
What is the remainder when 101567 is divided by 1850?
1667
Calculate the remainder when 14941 is divided by 1494.
1
What is the remainder when 3887 is divided by 105?
2
Calculate the remainder when 2434 is divided by 795.
49
What is the remainder when 195703 is divided by 65225?
28
What is the remainder when 161478 is divided by 88?
86
What is the remainder when 266412 is divided by 128?
44
Calculate the remainder when 33355 is divided by 8319.
79
What is the remainder when 3114 is divided by 31?
14
Calculate the remainder when 255506 is divided by 31934.
34
What is the remainder when 10116 is divided by 460?
456
Calculate the remainder when 116464 is divided by 7763.
19
What is the remainder when 893 is divided by 114?
95
What is the remainder when 7180 is divided by 30?
10
What is the remainder when 30920 is divided by 7727?
12
What is the remainder when 3090 is divided by 346?
322
What is the remainder when 60694 is divided by 72?
70
Calculate the remainder when 95236 is divided by 78.
76
Calculate the remainder when 17833 is divided by 511.
459
What is the remainder when 48604 is divided by 32?
28
What is the remainder when 147898 is divided by 204?
202
Calculate the remainder when 244349 is divided by 27.
26
Calculate the remainder when 43739 is divided by 425.
389
What is the remainder when 9712 is divided by 2205?
892
Calculate the remainder when 212141 is divided by 39.
20
What is the remainder when 4896 is divided by 4031?
865
Calculate the remainder when 9431 is divided by 115.
1
What is the remainder when 235978 is divided by 6?
4
Calculate the remainder when 451 is divided by 282.
169
Calculate the remainder when 12580 is divided by 96.
4
Calculate the remainder when 50957 is divided by 4.
1
Calculate the remainder when 38005 is divided by 12661.
22
Calculate the remainder when 98500 is divided by 6156.
4
Calculate the remainder when 1467 is divided by 10.
7
Calculate the remainder when 6183742 is divided by 64.
62
Calculate the remainder when 1531 is divided by 192.
187
Calculate the remainder when 72931 is divided by 36.
31
Calculate the remainder when 5366 is divided by 30.
26
Calculate the remainder when 24398 is divided by 976.
974
What is the remainder when 10466 is divided by 2522?
378
Calculate the remainder when 130673 is divided by 54.
47
Calculate the remainder when 5403 is divided by 29.
9
Calculate the remainder when 1047614 is divided by 743.
727
What is the remainder when 110969 is divided by 33?
23
Calculate the remainder when 2172 is divided by 711.
39
What is the remainder when 947 is divided by 82?
45
What is the remainder when 1447 is divided by 1294?
153
What is the remainder when 35764 is divided by 421?
400
Calculate the remainder when 23540 is divided by 75.
65
Calculate the remainder when 50299 is divided by 503.
502
What is the remainder when 225938 is divided by 75301?
35
What is the remainder when 2423 is divided by 2403?
20
What is the remainder when 106337 is divided by 63?
56
What is the remainder when 5170664 is divided by 915?
914
What is the remainder when 38042 is divided by 1154?
1114
Calculate the remainder when 2758 is divided by 242.
96
What is the remainder when 193136 is divided by 219?
197
Calculate the remainder when 27819 is divided by 1851.
54
Calculate the remainder when 113730 is divided by 92.
18
Calculate the remainder when 21715 is divided by 1015.
400
Calculate the remainder when 11889 is divided by 5940.
9
Calculate the remainder when 324 is divided by 188.
136
Calculate the remainder when 20399 is divided by 74.
49
Calculate the remainder when 14063 is divided by 10.
3
Calculate the remainder when 61465 is divided by 61394.
71
What is the remainder when 603196 is divided by 832?
828
What is the remainder when 74687 is divided by 96?
95
Calculate the remainder when 16526 is divided by 241.
138
What is the remainder when 374381 is divided by 883?
872
What is the remainder when 73599 is divided by 8174?
33
Calculate the remainder when 7517 is divided by 3724.
69
Calculate the remainder when 3789 is divided by 315.
9
What is the remainder when 176 is divided by 12?
8
Calculate the remainder when 60867 is divided by 14.
9
Calculate the remainder when 16068 is divided by 212.
168
Calculate the remainder when 27020 is divided by 4497.
38
Calculate the remainder when 1662 is divided by 284.
242
What is the remainder when 19315 is divided by 1931?
5
Calculate the remainder when 52902 is divided by 26426.
50
Calculate the remainder when 13219 is divided by 1651.
11
What is the remainder when 177928 is divided by 111?
106
What is the remainder when 43329 is divided by 293?
258
Calculate the remainder when 150612 is divided by 13.
7
Calculate the remainder when 62614 is divided by 94.
10
Calculate the remainder when 10732 is divided by 1071.
22
What is the remainder when 6160 is divided by 80?
0
Calculate the remainder when 739 is divided by 713.
26
Calculate the remainder when 11712 is divided by 165.
162
Calculate the remainder when 1977 is divided by 816.
345
What is the remainder when 11027 is divided by 1561?
100
Calculate the remainder when 1872 is divided by 40.
32
Calculate the remainder when 10941 is divided by 76.
73
What is the remainder when 6085 is divided by 190?
5
Calculate the remainder when 146188 is divided by 17.
5
What is the remainder when 131740 is divided by 21955?
10
What is the remainder when 253057 is divided by 3374?
7
Calculate the remainder when 1473565 is divided by 31.
11
Calculate the remainder when 69434 is divided by 69382.
52
What is the remainder when 19066 is divided by 14?
12
Calculate the remainder when 1133 is divided by 1094.
39
Calculate the remainder when 15157 is divided by 107.
70
Calculate the remainder when 2426 is divided by 622.
560
Calculate the remainder when 6380 is divided by 128.
108
Calculate the remainder when 2798 is divided by 1375.
48
What is the remainder when 2717890 is divided by 19?
16
What is the remainder when 80338 is